emainder when 72 is divided by 7.
2
Calculate the remainder when 285 is divided by 14.
5
What is the remainder when 542 is divided by 193?
156
What is the remainder when 2145 is divided by 202?
125
What is the remainder when 2083 is divided by 112?
67
Calculate the remainder when 219 is divided by 17.
15
Calculate the remainder when 11075 is divided by 284.
283
What is the remainder when 50 is divided by 5?
0
What is the remainder when 44 is divided by 14?
2
What is the remainder when 99 is divided by 52?
47
What is the remainder when 8252 is divided by 172?
168
Calculate the remainder when 1306 is divided by 208.
58
Calculate the remainder when 223 is divided by 56.
55
What is the remainder when 63 is divided by 26?
11
What is the remainder when 245 is divided by 13?
11
Calculate the remainder when 832 is divided by 316.
200
Calculate the remainder when 599 is divided by 61.
50
Calculate the remainder when 593 is divided by 37.
1
Calculate the remainder when 154 is divided by 61.
32
What is the remainder when 65 is divided by 19?
8
What is the remainder when 587 is divided by 141?
23
What is the remainder when 280 is divided by 57?
52
Calculate the remainder when 467 is divided by 166.
135
Calculate the remainder when 461 is divided by 7.
6
What is the remainder when 365 is divided by 31?
24
Calculate the remainder when 1777 is divided by 30.
7
Calculate the remainder when 263 is divided by 12.
11
Calculate the remainder when 2535 is divided by 24.
15
What is the remainder when 145 is divided by 144?
1
What is the remainder when 2503 is divided by 356?
11
Calculate the remainder when 1351 is divided by 19.
2
Calculate the remainder when 228 is divided by 23.
21
What is the remainder when 245 is divided by 19?
17
Calculate the remainder when 570 is divided by 26.
24
Calculate the remainder when 3313 is divided by 1094.
31
Calculate the remainder when 230 is divided by 100.
30
Calculate the remainder when 1360 is divided by 449.
13
What is the remainder when 342 is divided by 43?
41
What is the remainder when 2221 is divided by 72?
61
Calculate the remainder when 193 is divided by 69.
55
What is the remainder when 253 is divided by 26?
19
Calculate the remainder when 287 is divided by 161.
126
What is the remainder when 42 is divided by 14?
0
What is the remainder when 35 is divided by 15?
5
Calculate the remainder when 696 is divided by 100.
96
Calculate the remainder when 275 is divided by 273.
2
Calculate the remainder when 1108 is divided by 1103.
5
What is the remainder when 94 is divided by 37?
20
Calculate the remainder when 1126 is divided by 18.
10
What is the remainder when 68 is divided by 44?
24
Calculate the remainder when 252 is divided by 66.
54
Calculate the remainder when 114 is divided by 13.
10
Calculate the remainder when 2431 is divided by 46.
39
What is the remainder when 1132 is divided by 59?
11
Calculate the remainder when 71 is divided by 38.
33
What is the remainder when 145 is divided by 32?
17
Calculate the remainder when 543 is divided by 267.
9
Calculate the remainder when 526 is divided by 17.
16
What is the remainder when 55 is divided by 1?
0
Calculate the remainder when 6535 is divided by 31.
25
Calculate the remainder when 447 is divided by 124.
75
What is the remainder when 64 is divided by 7?
1
What is the remainder when 446 is divided by 149?
148
What is the remainder when 698 is divided by 25?
23
What is the remainder when 1328 is divided by 14?
12
Calculate the remainder when 301 is divided by 104.
93
Calculate the remainder when 321 is divided by 34.
15
Calculate the remainder when 560 is divided by 269.
22
What is the remainder when 25897 is divided by 148?
145
What is the remainder when 628 is divided by 82?
54
What is the remainder when 189 is divided by 26?
7
Calculate the remainder when 2230 is divided by 26.
20
What is the remainder when 61 is divided by 37?
24
Calculate the remainder when 16 is divided by 6.
4
What is the remainder when 71 is divided by 29?
13
Calculate the remainder when 46705 is divided by 121.
120
Calculate the remainder when 726 is divided by 17.
12
Calculate the remainder when 158 is divided by 32.
30
Calculate the remainder when 1133 is divided by 44.
33
What is the remainder when 194 is divided by 4?
2
What is the remainder when 354 is divided by 75?
54
Calculate the remainder when 509 is divided by 74.
65
Calculate the remainder when 11 is divided by 8.
3
What is the remainder when 195 is divided by 18?
15
Calculate the remainder when 500 is divided by 145.
65
What is the remainder when 217 is divided by 17?
13
What is the remainder when 207 is divided by 31?
21
Calculate the remainder when 1502 is divided by 733.
36
What is the remainder when 330 is divided by 20?
10
What is the remainder when 975 is divided by 21?
9
What is the remainder when 2367 is divided by 33?
24
Calculate the remainder when 195 is divided by 59.
18
What is the remainder when 25 is divided by 16?
9
Calculate the remainder when 48 is divided by 19.
10
Calculate the remainder when 147 is divided by 33.
15
Calculate the remainder when 66 is divided by 55.
11
Calculate the remainder when 80 is divided by 8.
0
Calculate the remainder when 668 is divided by 38.
22
What is the remainder when 204 is divided by 52?
48
Calculate the remainder when 3866 is divided by 53.
50
Calculate the remainder when 1455 is divided by 27.
24
What is the remainder when 340 is divided by 14?
4
What is the remainder when 1242 is divided by 309?
6
What is the remainder when 392 is divided by 124?
20
What is the remainder when 1234 is divided by 613?
8
What is the remainder when 2519 is divided by 26?
23
What is the remainder when 704 is divided by 211?
71
What is the remainder when 150 is divided by 34?
14
What is the remainder when 54 is divided by 7?
5
Calculate the remainder when 260 is divided by 129.
2
Calculate the remainder when 248 is divided by 21.
17
Calculate the remainder when 24 is divided by 3.
0
Calculate the remainder when 105 is divided by 22.
17
Calculate the remainder when 517 is divided by 26.
23
Calculate the remainder when 1868 is divided by 55.
53
What is the remainder when 3364 is divided by 1680?
4
What is the remainder when 1185 is divided by 44?
41
What is the remainder when 486 is divided by 151?
33
What is the remainder when 125 is divided by 20?
5
Calculate the remainder when 764 is divided by 200.
164
Calculate the remainder when 429 is divided by 377.
52
What is the remainder when 5278 is divided by 11?
9
Calculate the remainder when 1042 is divided by 190.
92
What is the remainder when 457 is divided by 54?
25
Calculate the remainder when 55 is divided by 20.
15
Calculate the remainder when 207 is divided by 53.
48
What is the remainder when 142 is divided by 38?
28
What is the remainder when 586 is divided by 59?
55
What is the remainder when 280 is divided by 24?
16
Calculate the remainder when 1762 is divided by 9.
7
Calculate the remainder when 898 is divided by 887.
11
Calculate the remainder when 410 is divided by 31.
7
Calculate the remainder when 410 is divided by 18.
14
What is the remainder when 132 is divided by 25?
7
What is the remainder when 1644 is divided by 25?
19
Calculate the remainder when 87 is divided by 31.
25
What is the remainder when 331 is divided by 70?
51
What is the remainder when 551 is divided by 148?
107
Calculate the remainder when 55 is divided by 46.
9
Calculate the remainder when 827 is divided by 93.
83
Calculate the remainder when 57 is divided by 16.
9
Calculate the remainder when 591 is divided by 22.
19
What is the remainder when 141 is divided by 25?
16
Calculate the remainder when 485 is divided by 214.
57
What is the remainder when 321 is divided by 9?
6
Calculate the remainder when 4551 is divided by 198.
195
What is the remainder when 82 is divided by 24?
10
Calculate the remainder when 789 is divided by 47.
37
Calculate the remainder when 837 is divided by 35.
32
What is the remainder when 117 is divided by 6?
3
Calculate the remainder when 505 is divided by 247.
11
Calculate the remainder when 602 is divided by 51.
41
Calculate the remainder when 143 is divided by 19.
10
What is the remainder when 9933 is divided by 54?
51
Calculate the rema